2 + 15 + (-8 - -15) + -25 + 11.
10
What is -2 + (-5 - ((0 + -3 - -7) + -5))?
-6
What is (1 + -2 - (-10 - -18)) + -5?
-14
Calculate -5 - -5 - ((-13 + 13 - -2) + -11).
9
What is the value of 1 - 10 - (1 + -6 - (-45 + 34))?
-15
What is -19 + (1 - -27) - (1 - (3 - -9))?
20
Evaluate (43 - 18) + -14 + -18.
-7
1381 - 1396 - (1 + 9)
-25
-13 - -35 - (12 + 6 + -10 + 1)
13
(-77 - -65) + (31 - 1)
18
(1 - (-5 - -12 - -1)) + -1
-8
Evaluate 22 - 3 - 0 - 6.
13
Evaluate -14 + (1 - (-2 - -10)) - 0.
-21
0 + 4 - (9 + -2 + (26 - 11))
-18
What is the value of (-2 - -5 - (49 + -32)) + 4?
-10
What is -3 - -2 - -7 - (9 - (-20 + -4))?
-27
What is 3 + 3 + (3 - (10 + 12) - 4)?
-17
What is the value of -7 + 2 + (0 - (-14 + 37 + -3))?
-25
What is 35 - -2 - 21 - -3?
19
What is the value of 3 + -1 + 0 + (19 - 43) + 26?
4
What is 2 + 12 + 4 + 107 + -133?
-8
Calculate 54 - (55 - (0 + 30)).
29
What is the value of 47 + 30 + -2 + -42?
33
What is the value of 15 + (-5 + -2 + -11 - 10)?
-13
-3 - (2 - ((0 - (-1 - 6)) + 3))
5
Calculate 7 + (-9 + 1 - (-36 + 24)) + -2.
9
What is the value of 2 + -2 - (-14 - (-8 + 2))?
8
-2 - (-60 + 69 + (1 - -2))
-14
What is the value of 37 + (-12 - 2) - (2 + 0 - -3)?
18
Evaluate -36 - -58 - 28 - 7.
-13
Calculate 3 + (-3 - 3) - (-28 - -12 - 0).
13
Calculate (-23 - ((-1 - 5) + 8 + -6)) + 2.
-17
What is the value of -21 + (16 - -8) + 2?
5
-6 - (-6 + -1 + 5 - 4)
0
Calculate -11 + 42 + -12 + -10.
9
What is the value of -30 - (17 + -28 + -22)?
3
What is the value of (-372 - -375) + -1 + 0?
2
Evaluate 0 + 4 - (47 + -11 - 40).
8
What is the value of 16 + -2 - 15 - -1?
0
Evaluate (8 - 1) + -2 + (22 - 15 - 1).
11
What is -15 - (-5 + 5 + -1 + -9)?
-5
Evaluate (14 - 1) + (27 - (-45 - -74)).
11
Evaluate 10 - 1 - -48 - 27.
30
Evaluate -1 + -32 + (62 - (-60 + 110)).
-21
(10 + -10 - 15) + 17
2
Calculate -14 + (15 - -3) + -7.
-3
Evaluate (-14 + -4 - 0) + -4.
-22
Calculate -6 + -6 + 30 - 13.
5
183 - 168 - (4 - 3)
14
3 - (-7 + 0 + 6)
4
Calculate (-22 - 1) + -10 + -28 + 57.
-4
3 - (-6 - (-40 + 4 + 16))
-11
(-47 - -45) + 2 + -19
-19
Calculate -27 - -31 - ((-3 - 4) + 1) - -19.
29
What is the value of -1 + 0 - (-129 + 140)?
-12
Evaluate (40 + -6 - 72) + 9.
-29
Calculate (2 - (9 - 7)) + 2 + -8.
-6
Evaluate (5 - 0 - 1) + (24 - (64 + -33)).
-3
What is the value of -3 + 11 - (0 + 13) - -10?
5
-20 - ((-5 - -3) + (-2 - 3 - -4))
-17
What is (-3 - (-19 + 11)) + -10 + -6?
-11
-8 + (30 - 18) + -2 + -7 + -1
-6
What is the value of -21 - (-14 - (7 - (-12 + 20)))?
-8
(42 - (-48 - -95)) + (-2 - (8 + -1))
-14
Evaluate -1 - -17 - (-20 + 7 - -15).
14
0 + 16 + -3 + -7
6
9 + -7 + (1 - (-3 + (-3 - -7)))
2
Calculate 11 + -1 - (116 - 122) - 1.
15
Evaluate (233 - 248) + 0 + 0.
-15
-1 + (0 + 0 - 1) - (224 - 224)
-2
What is the value of (-17 - -34 - 11) + 3 + 2?
11
What is 18 + (-21 - -13) + 4?
14
What is -7 + (0 - (-2 + -15)) - 13?
-3
Evaluate 3 + -9 + (5 - -6).
5
Calculate -10 + (19 - 24) - -12.
-3
What is the value of -3 - -1 - (-3 + 6) - (-78 - -90)?
-17
-17 + 25 + -30 - -31
9
Evaluate (12 - 10 - -6) + 1 + -5 + -4.
0
What is 12 + (6 - (-4 - -11) - 1) + 3?
13
What is -4 - (10 - 16 - -11)?
-9
Calculate 7 - (1 - (41 + -37 - (8 + -1))).
3
Evaluate 7 - (-2 + -3 + 1 - -11 - -9).
-9
Calculate -36 + -15 + 17 + 21.
-13
15 + (13 - 2 - 8) + 0
18
Evaluate -16 - (-40 + 9 - 5) - (7 + 0).
13
What is -3 + 27 - ((-6 - 6) + 6)?
30
What is the value of -12 - (-19 + 46 + -35)?
-4
-2 + (-5 - -4) - -9 - -5
11
What is 2 + (-8 - (-23 + 11))?
6
What is -3 + 10 + -4 + 0 + 0 - 2?
1
1 - (-3 - 0) - (11 + -15 - -2)
6
Calculate 4 + (-2 - 7) + 7 - -2.
4
(-1 - -2) + 147 + -137
11
What is the value of 24 + (-2 - -4) - (138 - 128)?
16
What is the value of (20 - 1) + -5 + (1 - -4)?
19
Evaluate 49 + -15 + -10 + 2 + 2 + -12.
16
What is the value of (-38 - -1) + 17 + 36 - -3?
19
Calculate 4 - (20 - (1 - (9 + -17))).
-7
Calculate 1 + -8 + (10 + 6 - 16).
-7
What is the value of -10 + (24 - 12) + 0 + -15 + 0?
-13
(12 - 2) + (21 - 36)
-5
Calculate (18 - (-13 - -31)) + -7.
-7
(3 + 4 - 27) + 8 + 3
-9
Calculate (0 - 3 - (6 - 2 - 2)) + 2.
-3
What is -9 + (-4 - -7) + (4 - 15)?
-17
-21 + 13 + 19 + -1
10
What is -11 + 12 + (5 - 2) + 3 + -15?
-8
What is -3 + -2 + (8 - 2) + (-47 - -44)?
-2
Calculate -5 + (-10 + 10 + -2 - (1 + -10)).
2
What is (27 + -46 - -42) + (-11 - -1)?
13
What is the value of (-34 - (-21 + 1)) + 9?
-5
Evaluate 12 + -2 - (-10 + (8 - 2)).
14
What is the value of 0 + (-2 - 14) - -28?
12
Evaluate 8 + -5 - (-4 + 15).
-8
What is -38 + (4 - (29 + -44))?
-19
-23 - (1 + (230 - 229) + (-5 - 0))
-20
Calculate (-1 - -14) + (-7 - -4 - (-9 - 2)).
21
(9 - (21 + -26)) + (2 - -7)
23
Calculate -2 - (8 - (-9 + -2 + 8)).
-13
What is the value of -4 + (41 - 18) + 1?
20
Calculate -6 + 3 + -4 - -34.
27
What is (-12 - 2) + 9 + 22 + (-4 - 3)?
10
Calculate -6 - (-5 - 4 - -8).
-5
-24 - (-13 + -6) - (11 + -1)
-15
Calculate -4 - ((31 - 10) + -20).
-5
What is the value of -6 + -7 + 9 + 3 - -7?
6
Evaluate 7 - (-16 - (-11 + 8)).
20
What is -4 - (0 + 4 + -7) - (75 - 79)?
3
(-61 - -73) + (-26 - -3) + 3
-8
What is the value of -22 + 18 - (-4 - 8)?
8
What is (8 - ((-17 - -33) + 10)) + -1 + 6?
-13
What is the value of 2 + -20 - (-747 + 741)?
-12
Evaluate (12 - 1) + 31 + -36.
6
Calculate -18 - (26 + -17 - 16).
-11
What is 11 + -4 + (-16 - (6 + 5 + -19))?
-1
Evaluate (1 - -1) + (62 - 76).
-12
Calculate 22 + -2 + -11 + -32.
-23
What is (12 - 10) + 18 - 34?
-14
Evaluate -4 + 15 + -11 + 15 + -25.
-10
Evaluate (-26 + 36 - 10) + 1 + 2 - 14.
-11
What is the value of (7 - 4) + 139 + -137?
5
Evaluate -40 + 38 + -18 - -12.
-8
-26 + 3 + (1 - 3) + (-24 - -27)
-22
Calculate -79 + 86 + (-1 - 7).
-1
Calculate -8 + -4 + (2 - -6) + -10.
-14
What is -73 + 46 + 27 + 27?
27
Evaluate 10 - (3 - (-13 - -12) - 11).
17
Calculate (-1 - -3 - 11) + 0 + 16.
7
Calculate 1 + 6 + 0 - (4 - -14).
-11
What is the value of 25 - (12 - (-5 - -21))?
29
What is 2 + 3 - (16 + -26) - 5?
10
What is the value of (9 - (-8 + 5 - 2)) + -7 + -8?
-1
Calculate (3 - 9) + (-4 - -1 - -7 - 3).
-5
What is the value of 19 + (7 - (15 - (-10 - (-8 + -10))))?
19
Evaluate 32 + (-44 + -22 - -9).
-25
Evaluate (-28 - -2) + 19 + -7.
-14
Calculate -35 + 11 + 50 - (10 - (2 + 1)).
19
What is 12 + (-20 + -1 + 5 - -31)?
27
(-2 - -39) + 452 + -511
-22
Calculate (5 - (13 + (-8 - -4))) + -15 + 1.
-18
Calculate (5 - 3 - -5) + -49 + 59.
17
What is the value of (-10 - (5 + -2)) + 0 + 2?
-11
What is the value of 677 - 669 - (1 - -5 - 0)?
2
What is the value of -4 - ((-1 - -20 - 5) + 7 + -13)?
-12
Calculate (2 - (-3 - -2)) + -11 + 16.
8
Calculate 0 - 9 - -2 - (20 - -2).
-29
Evaluate -80 - -69 - (-2 + 0 - -5).
-14
Calculate 2 + -1 - ((5 - 6) + -3).
5
What is the value of 2 + (1 - (-1 - -4)) - (14 - 18)?
4
What is the value of (-12 - (-5 + 10) - -21) + -17?
-13
What is the value of -1 - ((-28 - -12) + (14 - 5))?
6
What is 4 - (-12 + (27 - 21))?
10
Calculate -14 + (32 - 14 - 12).
-8
What is -2 - -2 - -4 - (11 - (4 - 0))?
-3
What is (-6 + -4 + 18 - -6) + -3?
11
Calculate -10 - (-4 + -2 - (-1 - (0 + 5))).
-10
Calculate (3 - 1) + -8 + 5 + -3 + 0.
-4
Evaluate -17 + 16 + (-19 - -22).
2
Calculate -2 + (4 - 4) + -1 + 17.
14
Calculate 6 + 1 - (35 - ((-14 - -5) + 6)).
-31
3 + -1 + (8 - 0) + -66 + 64
8
Evaluate 8 + 0 + (10 + -5 - (1 - -4)).
8
What is -5 + -11 - (-204 - -192)?
-4
-6 - ((6 - 0 - 10) + 9) - -3
-8
Calculate 80 + -70 + (-9 - -1).
2
Calculate 0 + -13 - (3 - 4).
-12
What is the value of 3 - -1 - (-1 + 3 + 9 + -1)?
-6
Calculate -2 - 0 - (8 + 15 + -18).
-7
What is the value of (11 - (-2 + 12 - 10)) + -9?
2
(-50 - (-7 + -22)) + 15
-6
Evaluate -3 + (1 - 6) - -2.
-6
Evaluate 10 + 15 + -6 + -9.
10
1 + (-20 - 0) + 21
2
What is the value of -14 - ((-2 - 13) + 10)?
-9
Calculate (-4 - ((16 - 12) + 10)) + -2 + 10.
-10
-27 - -25 - 6 - 8
-16
What is (-1 - -2 - (-36 - -31)) + 10?
16
Calculate (-15 - (6 - 0) - 6) + 2 + -11.
-36
Evaluate (11 - (-7 - -8)) + -5.
5
Calculate 10 + -6 + 2 - (0 + 0).
6
Evaluate 60 + -63 - (-10 + 0) - 12.
-5
(32 + -4 - 8) + (-9 - 5)
6
8 - (45 - 28) - -42
33
Evaluate 1 - 6 - 0 - (7 + 1 + -5).
-8
Calculate (13 - (-2 - -2)) + -26.
-13
What is (12 - 7 - 0) + -11 + -11?
-17
What is 19 - (15 + (-3 - 19))?
26
Calculate -3 - ((-18 - (-2 + -7)) + 4).
2
Calculate 1 - -12 - 12 - (1 - 9).
9
2 + (-11 - -3) + -3 + -9 + -2
-20
(45 - 54) +